What is the highest common factor of 160 and 3551008?
32
What is the highest common factor of 28 and 504668486?
14
Calculate the greatest common factor of 190 and 99740405.
95
Calculate the highest common divisor of 2519192 and 33800.
104
Calculate the highest common factor of 155700 and 512100.
900
Calculate the greatest common factor of 119364906 and 1416.
354
Calculate the highest common divisor of 329372 and 3138866.
2458
What is the highest common divisor of 13244 and 7610372?
308
Calculate the highest common divisor of 1883 and 2116223.
269
What is the greatest common divisor of 220995 and 405?
135
Calculate the highest common factor of 68272 and 72704.
16
What is the highest common factor of 1469 and 890903?
13
Calculate the greatest common factor of 22736076 and 66.
66
Calculate the highest common factor of 148927323 and 345.
69
Calculate the highest common divisor of 162661568 and 4544.
4544
Calculate the highest common divisor of 39732 and 49.
7
Calculate the highest common divisor of 102905 and 4334.
11
What is the highest common factor of 1118 and 20469462?
1118
What is the greatest common divisor of 206326 and 9900742?
2906
Calculate the greatest common factor of 2456913 and 776.
97
What is the highest common factor of 2666 and 379657?
31
What is the greatest common factor of 679 and 23560233?
97
Calculate the greatest common divisor of 158292 and 25182.
18
Calculate the greatest common divisor of 158880 and 25552.
16
Calculate the highest common divisor of 54 and 121661325.
27
Calculate the highest common factor of 4783163 and 154.
77
Calculate the highest common factor of 155995846 and 8.
2
Calculate the greatest common factor of 46 and 21977558.
46
What is the greatest common divisor of 81338223 and 482?
241
What is the greatest common divisor of 8924 and 1603008?
92
Calculate the greatest common factor of 11266 and 804602.
262
Calculate the highest common factor of 26459406 and 540.
54
Calculate the greatest common factor of 17708 and 13756.
76
Calculate the highest common factor of 3414 and 53389839.
1707
What is the greatest common divisor of 192 and 104863560?
24
Calculate the greatest common divisor of 8750439 and 126.
9
What is the highest common factor of 5389 and 16350543?
317
What is the greatest common divisor of 7296044 and 4?
4
What is the highest common factor of 78323 and 9352?
1169
Calculate the highest common divisor of 13964 and 346916.
4
Calculate the greatest common factor of 751477620 and 4140.
1380
What is the greatest common divisor of 19636638 and 12201?
1743
What is the highest common divisor of 1474 and 592682?
134
What is the highest common factor of 1716022 and 484?
242
Calculate the greatest common factor of 100732540 and 20.
20
What is the highest common divisor of 27790 and 2511390?
70
What is the highest common divisor of 64623116 and 3972?
1324
Calculate the greatest common factor of 6136 and 25794564.
236
Calculate the greatest common factor of 80 and 278248.
8
Calculate the highest common factor of 28896 and 1137360.
336
What is the greatest common factor of 1925824 and 1472?
64
Calculate the highest common divisor of 287969417 and 67.
67
What is the greatest common divisor of 50290 and 950374?
214
Calculate the greatest common divisor of 950 and 1934300.
50
What is the greatest common factor of 84 and 16487142?
42
Calculate the greatest common divisor of 2605224 and 3560.
8
Calculate the highest common factor of 42753 and 219.
3
What is the greatest common divisor of 26896 and 740288?
16
Calculate the highest common factor of 117 and 2059875.
9
Calculate the greatest common divisor of 649 and 45705825.
649
Calculate the highest common divisor of 1528691 and 833.
17
Calculate the highest common factor of 24848621 and 1123.
1123
What is the greatest common divisor of 168 and 167857032?
168
What is the highest common factor of 234868962 and 13512?
3378
What is the highest common factor of 510703265 and 362?
181
What is the greatest common divisor of 7568152 and 248?
8
Calculate the greatest common factor of 13929344 and 8320.
1664
What is the highest common divisor of 116208 and 10224?
144
Calculate the highest common divisor of 4954860 and 1005.
15
Calculate the greatest common factor of 858 and 191261070.
858
What is the greatest common divisor of 259040 and 2600?
40
What is the highest common factor of 84 and 9686244?
12
What is the highest common factor of 406 and 485534?
14
What is the greatest common factor of 985324 and 160256?
1252
Calculate the greatest common factor of 148258 and 30544.
46
Calculate the highest common divisor of 7326645 and 30.
15
Calculate the highest common divisor of 139859 and 67507.
323
Calculate the highest common divisor of 56499 and 11290638.
1527
What is the highest common divisor of 4602249 and 333?
9
What is the greatest common factor of 208917 and 12371?
139
Calculate the greatest common divisor of 282 and 425726.
94
What is the highest common factor of 54544 and 800?
16
What is the highest common divisor of 48052790 and 868?
62
Calculate the greatest common divisor of 82957482 and 6.
6
Calculate the greatest common factor of 298441 and 1664.
13
What is the highest common divisor of 2318494 and 97679?
1843
What is the greatest common divisor of 112995 and 567?
81
What is the greatest common factor of 84 and 515461632?
84
What is the greatest common factor of 1854575 and 93?
31
What is the highest common divisor of 122715 and 228159?
909
Calculate the greatest common factor of 246162400 and 7744.
3872
What is the greatest common divisor of 1356841 and 98794?
1051
What is the highest common divisor of 5 and 538105?
5
What is the greatest common divisor of 1206 and 20493692?
134
What is the highest common factor of 9443 and 14364?
133
Calculate the greatest common divisor of 483665758 and 230.
46
Calculate the highest common divisor of 5029118 and 257090.
1094
What is the highest common factor of 597065937 and 39?
39
What is the highest common factor of 2401 and 76478367?
343
Calculate the greatest common divisor of 2330938 and 537.
179
Calculate the greatest common factor of 162 and 28683153.
81
Calculate the greatest common factor of 96815 and 21025.
5
What is the highest common divisor of 278241768 and 28?
28
What is the greatest common divisor of 5 and 10780415?
5
What is the highest common divisor of 12621399 and 6741?
2247
What is the highest common factor of 2450748 and 8384?
524
Calculate the highest common factor of 486367 and 35.
7
What is the greatest common factor of 3195666 and 64906?
3818
Calculate the greatest common factor of 29123652 and 389.
389
What is the highest common divisor of 17384 and 2300346?
82
What is the greatest common factor of 146734841 and 55?
11
Calculate the highest common divisor of 8115797 and 12112.
757
Calculate the greatest common divisor of 4715 and 4660306.
943
Calculate the greatest common divisor of 137328 and 119424.
48
What is the greatest common divisor of 272583 and 1395?
279
Calculate the greatest common factor of 11901975 and 4995.
555
What is the highest common factor of 1896 and 83259048?
1896
What is the highest common factor of 685 and 3598579?
137
What is the highest common divisor of 40 and 9437540?
20
Calculate the greatest common factor of 37336455 and 45.
45
Calculate the greatest common factor of 11977140 and 11340.
420
Calculate the greatest common divisor of 127171348 and 1.
1
What is the greatest common factor of 17695216 and 168?
56
Calculate the greatest common divisor of 6538282 and 834.
278
Calculate the greatest common divisor of 6533096 and 32536.
664
What is the greatest common factor of 3385846 and 71626?
1214
What is the highest common divisor of 34545 and 6972168?
987
What is the highest common divisor of 56835 and 31320?
135
What is the highest common divisor of 19510 and 463160?
10
What is the highest common factor of 184 and 920299?
23
What is the highest common factor of 4647530 and 320?
10
Calculate the highest common divisor of 583 and 2858131.
53
What is the greatest common divisor of 4240 and 22432621?
53
What is the greatest common factor of 7730693 and 36565?
71
What is the highest common factor of 401579725 and 25?
25
Calculate the greatest common divisor of 549 and 388124